{"id":82,"date":"2016-03-23T09:57:21","date_gmt":"2016-03-23T09:57:21","guid":{"rendered":"https:\/\/sjrmd.wordpress.com\/?page_id=73"},"modified":"2026-02-02T17:44:23","modified_gmt":"2026-02-02T16:44:23","slug":"jugendforum-in-der-partnerschaft-fuer-demokratie","status":"publish","type":"page","link":"https:\/\/www.sjr-magdeburg.de\/index.php\/projekte\/jugendforum-in-der-partnerschaft-fuer-demokratie\/","title":{"rendered":"Demokratisches Jugendforum"},"content":{"rendered":"<p><img fetchpriority=\"high\" decoding=\"async\" src=\"https:\/\/www.sjr-magdeburg.de\/wp-content\/uploads\/2025\/08\/LOGO_JuFo-2-1024x634.png\" sizes=\"(max-width: 584px) 100vw, 584px\" srcset=\"https:\/\/www.sjr-magdeburg.de\/wp-content\/uploads\/2025\/08\/LOGO_JuFo-2-1024x634.png 1024w, https:\/\/www.sjr-magdeburg.de\/wp-content\/uploads\/2025\/08\/LOGO_JuFo-2-300x186.png 300w, https:\/\/www.sjr-magdeburg.de\/wp-content\/uploads\/2025\/08\/LOGO_JuFo-2-768x476.png 768w, https:\/\/www.sjr-magdeburg.de\/wp-content\/uploads\/2025\/08\/LOGO_JuFo-2-1536x951.png 1536w, https:\/\/www.sjr-magdeburg.de\/wp-content\/uploads\/2025\/08\/LOGO_JuFo-2-485x300.png 485w, https:\/\/www.sjr-magdeburg.de\/wp-content\/uploads\/2025\/08\/LOGO_JuFo-2.png 2048w\" alt=\"\" width=\"584\" height=\"362\" \/><\/p>\n\n\n<div class=\"wp-block-group\"><div class=\"wp-block-group__inner-container is-layout-flow wp-block-group-is-layout-flow\">\n<p style=\"text-align: justify;\">Seit 2015 hat der StadtJugendRing im Rahmen der Partnerschaft f\u00fcr Demokratie das demokratische Jugendforum mit jungen Menschen aus Jugendverb\u00e4nden der Magdeburger Zivilgesellschaft aufgebaut.<\/p>\n<h1><strong>Worum geht\u00b4s dabei?<\/strong><strong> \u00a0<\/strong><\/h1>\n<p style=\"text-align: justify;\">Ein Jugendforum ist eine M\u00f6glichkeit, gemeinsam mit anderen Engagierten in Diskussion zu treten und aktiv zu werden. Das Forum wird dabei mit unserer Unterst\u00fctzung von Euch selbstst\u00e4ndig gestaltet, verwaltet und vertreten. Das Ziel ist es, die Demokratie und Zivilgesellschaft Magdeburgs zu st\u00e4rken und sich inhaltlich f\u00fcr Toleranz und Vielfalt sowie gegen gruppenbezogene Menschenfeindlichkeit, Rassismus und Diskriminierung in Magdeburg einzusetzen.<\/p>\n<p style=\"text-align: justify;\">Konkret hei\u00dft das:<\/p>\n<ul>\n<li><strong>Aktionen planen und durchf\u00fchren<\/strong><\/li>\n<li><strong>Geld verteilen f\u00fcr Kleinprojekte und Aktionen<\/strong><\/li>\n<li><strong>Unterst\u00fctzung von Gruppen und Verb\u00e4nden die schon aktiv sind<\/strong><\/li>\n<li><strong>Mitarbeit im Begleitausschuss der Partnerschaft f\u00fcr Demokratie Magdeburg<\/strong><\/li>\n<\/ul>\n<h4>\u00a0<\/h4>\n<h4><strong>Selber Projekte gestalten?<\/strong><\/h4>\n<p>Das Forum bietet die M\u00f6glichkeit, kleine Aktionen, Projekte und Gruppen mit finanziellen Mitteln zu unterst\u00fctzen. Ihr verwaltet dabei das Geld und entscheidet wie es ausgezahlt werden soll.<\/p>\n<h4><strong>Mitmachen im Demokratischen Jugendforum?<\/strong><strong> \u00a0<\/strong><\/h4>\n<p style=\"text-align: justify;\"><strong>Du<\/strong> bist zwischen 14 und 27 Jahre alt, kreativ und engagiert, hast Interesse daran demokratisch aktiv zu werden oder bist schon in einer Gruppe, einem Verein oder Jugendverband aktiv? Dann bist Du hier genau richtig.\u00a0<\/p>\n<p>Aktuell ist das Jugendforum im Verantwortungsbereich der Koordinierungs- und Fachstelle der Partnerschaft f\u00fcr Demokratie Magdeburg. Der StadtJugendRing Magdeburg e.V. verbleibt in der beratenden und unterst\u00fctzenden Funktion.<\/p>\n<p>F\u00fcr weitere Informationen zum Jugendforum sowie M\u00f6glichkeiten zum Mitmachen k\u00f6nnt ihr euch an die Koordinierungs- und Beratungsstelle der Partnerschaft f\u00fcr Demokratie in Magdeburg wenden. Weitere Informationen findet ihr <a href=\"https:\/\/www.magdeburg.de\/index.php?ModID=7&amp;FID=698.39038.1&amp;object=tx%7C698.39038.1\">hier.<\/a><\/p>\n<h4>\u00a0<\/h4>\n<figure><\/figure>\n<\/div><\/div>\n\n\n<p><!-- \/wp:post-content --><!-- wp:image {\"id\":1655,\"sizeSlug\":\"large\",\"linkDestination\":\"none\"} --><\/p>\n<figure><img decoding=\"async\" src=\"https:\/\/www.sjr-magdeburg.de\/wp-content\/uploads\/2024\/07\/BMFSFJ_DL_mitFoerderzusatz_RZ_neu-1-1024x303.png\" alt=\"\" \/><\/figure>\n<p><!-- \/wp:image --><!-- wp:image {\"id\":1656,\"sizeSlug\":\"large\",\"linkDestination\":\"none\"} --><\/p>\n<figure><img decoding=\"async\" src=\"https:\/\/www.sjr-magdeburg.de\/wp-content\/uploads\/2024\/07\/ms_wirsinddasland_Logo_8.-Legislatur1-1-1024x359.jpg\" alt=\"\" \/><\/figure>\n<p><!-- \/wp:image --><!-- wp:image {\"id\":1657,\"sizeSlug\":\"large\",\"linkDestination\":\"none\"} --><\/p>\n<figure><img decoding=\"async\" src=\"https:\/\/www.sjr-magdeburg.de\/wp-content\/uploads\/2024\/07\/Design-ohne-Titel1-2-1024x501.png\" alt=\"\" \/><\/figure>","protected":false},"excerpt":{"rendered":"<p>Seit 2015 hat der StadtJugendRing im Rahmen der Partnerschaft f\u00fcr Demokratie das demokratische Jugendforum mit jungen Menschen aus Jugendverb\u00e4nden der Magdeburger Zivilgesellschaft aufgebaut. Worum geht\u00b4s dabei? \u00a0 Ein Jugendforum ist eine M\u00f6glichkeit, gemeinsam mit anderen Engagierten in Diskussion zu treten &hellip; <a href=\"https:\/\/www.sjr-magdeburg.de\/index.php\/projekte\/jugendforum-in-der-partnerschaft-fuer-demokratie\/\">Weiterlesen <span class=\"meta-nav\">&rarr;<\/span><\/a><\/p>\n","protected":false},"author":1,"featured_media":0,"parent":52,"menu_order":0,"comment_status":"closed","ping_status":"closed","template":"sidebar-page.php","meta":{"footnotes":""},"class_list":["post-82","page","type-page","status-publish","hentry"],"_links":{"self":[{"href":"https:\/\/www.sjr-magdeburg.de\/index.php\/wp-json\/wp\/v2\/pages\/82","targetHints":{"allow":["GET"]}}],"collection":[{"href":"https:\/\/www.sjr-magdeburg.de\/index.php\/wp-json\/wp\/v2\/pages"}],"about":[{"href":"https:\/\/www.sjr-magdeburg.de\/index.php\/wp-json\/wp\/v2\/types\/page"}],"author":[{"embeddable":true,"href":"https:\/\/www.sjr-magdeburg.de\/index.php\/wp-json\/wp\/v2\/users\/1"}],"replies":[{"embeddable":true,"href":"https:\/\/www.sjr-magdeburg.de\/index.php\/wp-json\/wp\/v2\/comments?post=82"}],"version-history":[{"count":46,"href":"https:\/\/www.sjr-magdeburg.de\/index.php\/wp-json\/wp\/v2\/pages\/82\/revisions"}],"predecessor-version":[{"id":2241,"href":"https:\/\/www.sjr-magdeburg.de\/index.php\/wp-json\/wp\/v2\/pages\/82\/revisions\/2241"}],"up":[{"embeddable":true,"href":"https:\/\/www.sjr-magdeburg.de\/index.php\/wp-json\/wp\/v2\/pages\/52"}],"wp:attachment":[{"href":"https:\/\/www.sjr-magdeburg.de\/index.php\/wp-json\/wp\/v2\/media?parent=82"}],"curies":[{"name":"wp","href":"https:\/\/api.w.org\/{rel}","templated":true}]}}