{"id":303,"date":"2017-02-01T19:18:45","date_gmt":"2017-02-01T18:18:45","guid":{"rendered":"http:\/\/www.sjr-magdeburg.de\/?page_id=303"},"modified":"2026-02-10T16:05:34","modified_gmt":"2026-02-10T15:05:34","slug":"jugendpolitik-2","status":"publish","type":"page","link":"https:\/\/www.sjr-magdeburg.de\/index.php\/jugendpolitik-2\/","title":{"rendered":"Kinder- und Jugendpolitik"},"content":{"rendered":"\t\t<div data-elementor-type=\"wp-page\" data-elementor-id=\"303\" class=\"elementor elementor-303\">\n\t\t\t\t<div class=\"elementor-element elementor-element-1476afb0 e-flex e-con-boxed e-con e-parent\" data-id=\"1476afb0\" data-element_type=\"container\" data-e-type=\"container\">\n\t\t\t\t\t<div class=\"e-con-inner\">\n\t\t\t\t<div class=\"elementor-element elementor-element-07ff422 elementor-widget elementor-widget-image\" data-id=\"07ff422\" data-element_type=\"widget\" data-e-type=\"widget\" data-widget_type=\"image.default\">\n\t\t\t\t\t\t\t\t\t\t\t\t\t\t\t<img fetchpriority=\"high\" decoding=\"async\" width=\"584\" height=\"413\" src=\"https:\/\/www.sjr-magdeburg.de\/wp-content\/uploads\/2026\/02\/Kopie-von-Design-ohne-Titel3-768x543.png\" class=\"attachment-medium_large size-medium_large wp-image-2307\" alt=\"\" srcset=\"https:\/\/www.sjr-magdeburg.de\/wp-content\/uploads\/2026\/02\/Kopie-von-Design-ohne-Titel3-768x543.png 768w, https:\/\/www.sjr-magdeburg.de\/wp-content\/uploads\/2026\/02\/Kopie-von-Design-ohne-Titel3-300x212.png 300w, https:\/\/www.sjr-magdeburg.de\/wp-content\/uploads\/2026\/02\/Kopie-von-Design-ohne-Titel3-1024x724.png 1024w, https:\/\/www.sjr-magdeburg.de\/wp-content\/uploads\/2026\/02\/Kopie-von-Design-ohne-Titel3-1536x1086.png 1536w, https:\/\/www.sjr-magdeburg.de\/wp-content\/uploads\/2026\/02\/Kopie-von-Design-ohne-Titel3-424x300.png 424w, https:\/\/www.sjr-magdeburg.de\/wp-content\/uploads\/2026\/02\/Kopie-von-Design-ohne-Titel3.png 2000w\" sizes=\"(max-width: 584px) 100vw, 584px\" \/>\t\t\t\t\t\t\t\t\t\t\t\t\t\t\t<\/div>\n\t\t\t\t<div class=\"elementor-element elementor-element-b85175e elementor-widget elementor-widget-text-editor\" data-id=\"b85175e\" data-element_type=\"widget\" data-e-type=\"widget\" data-widget_type=\"text-editor.default\">\n\t\t\t\t\t\t\t\t\t<h2><span style=\"color: #ff0000;\"><strong>Gute und Eigenst\u00e4ndige Kinder- und Jugendpolitik<\/strong><\/span><\/h2><p style=\"text-align: justify;\"><span style=\"color: #000000;\">Eine gute und eigenst\u00e4ndige Kinder- und Jugendpolitik ist das Herzst\u00fcck die Gestaltung der Zukunft unserer demokratischen Gesellschaft. Erfolgreiche Kinder- und Jugendpolitik findet dabei nicht nur auf europ\u00e4ischer, Bundes- und Landesebene statt, sondern da wo Kinder und Jugendliche Leben, vor Ort im Quartier und im lebensweltlichen Nahraum.<\/span><\/p><p style=\"text-align: justify;\"><span style=\"color: #000000;\">Sie ist dabei nicht statisch, sondern Gegenstand demokratischer Verhandlungen, die immer im Spagat zwischen der Beteiligung der Betroffenen, ihren Sorgeberechtigten, den Partner*innen aus Jugendhilfe und Schule und letztlich der Politik und Verwaltung, gef\u00fchrt werden m\u00fcssen.<\/span><\/p><p style=\"text-align: justify;\"><span style=\"color: #000000;\">Eine Gute und eigenst\u00e4ndige Kinder- und Jugendpolitik ist dabei auf eine starke und gut finanzierte Kinder- und Jugendhilfelandschaft angewiesen, welche sowohl Teilhabe- und Bildungs-,wie auch F\u00fchrsorge- und Hilfsangebote zur Verf\u00fcgung stellen muss. Diese Angebote arbeiten vernetzt zu allen Lebensr\u00e4umen von Kindern- und Jugendlichen. Neben Kita und Schule bilden die Jugendverb\u00e4nde und Tr\u00e4ger der Jugendarbeit eine wesentliche S\u00e4ule au\u00dferschulischer nonformaler und demokratischer Bildung.<\/span><\/p><p style=\"text-align: justify;\"><span style=\"color: #000000;\">Wesentliche Orte an denen Kinder- und Jugendpolitik in Magdeburg verhandelt wird, sind der Stadtrat, der Jugendhilfeausschuss und seine Unteraussch\u00fcsse, sowie zahlreiche Arbeitsgemeinschaften, Netzwerke und nicht zuletzt die Einrichtungen und Angebote die Kinder- und Jugendliche und nutzen, aber selbst gestalten.<\/span><\/p>\t\t\t\t\t\t\t\t<\/div>\n\t\t\t\t\t<\/div>\n\t\t\t\t<\/div>\n\t\t\t\t<\/div>\n\t\t","protected":false},"excerpt":{"rendered":"<p>Gute und Eigenst\u00e4ndige Kinder- und JugendpolitikEine gute und eigenst\u00e4ndige Kinder- und Jugendpolitik ist das Herzst\u00fcck die Gestaltung der Zukunft unserer demokratischen Gesellschaft. Erfolgreiche Kinder- und Jugendpolitik findet dabei nicht nur auf europ\u00e4ischer, Bundes- und Landesebene statt, sondern da wo Kinder &hellip; <a href=\"https:\/\/www.sjr-magdeburg.de\/index.php\/jugendpolitik-2\/\">Weiterlesen <span class=\"meta-nav\">&rarr;<\/span><\/a><\/p>\n","protected":false},"author":1,"featured_media":0,"parent":0,"menu_order":0,"comment_status":"closed","ping_status":"closed","template":"","meta":{"footnotes":""},"class_list":["post-303","page","type-page","status-publish","hentry"],"_links":{"self":[{"href":"https:\/\/www.sjr-magdeburg.de\/index.php\/wp-json\/wp\/v2\/pages\/303","targetHints":{"allow":["GET"]}}],"collection":[{"href":"https:\/\/www.sjr-magdeburg.de\/index.php\/wp-json\/wp\/v2\/pages"}],"about":[{"href":"https:\/\/www.sjr-magdeburg.de\/index.php\/wp-json\/wp\/v2\/types\/page"}],"author":[{"embeddable":true,"href":"https:\/\/www.sjr-magdeburg.de\/index.php\/wp-json\/wp\/v2\/users\/1"}],"replies":[{"embeddable":true,"href":"https:\/\/www.sjr-magdeburg.de\/index.php\/wp-json\/wp\/v2\/comments?post=303"}],"version-history":[{"count":33,"href":"https:\/\/www.sjr-magdeburg.de\/index.php\/wp-json\/wp\/v2\/pages\/303\/revisions"}],"predecessor-version":[{"id":2316,"href":"https:\/\/www.sjr-magdeburg.de\/index.php\/wp-json\/wp\/v2\/pages\/303\/revisions\/2316"}],"wp:attachment":[{"href":"https:\/\/www.sjr-magdeburg.de\/index.php\/wp-json\/wp\/v2\/media?parent=303"}],"curies":[{"name":"wp","href":"https:\/\/api.w.org\/{rel}","templated":true}]}}