{"id":1777,"date":"2025-01-16T15:28:58","date_gmt":"2025-01-16T14:28:58","guid":{"rendered":"https:\/\/www.sjr-magdeburg.de\/?page_id=1777"},"modified":"2026-02-10T23:10:44","modified_gmt":"2026-02-10T22:10:44","slug":"herzlich-willkommen-beim-stadtjugendring-magdeburg-e-v","status":"publish","type":"page","link":"https:\/\/www.sjr-magdeburg.de\/","title":{"rendered":""},"content":{"rendered":"\t\t<div data-elementor-type=\"wp-page\" data-elementor-id=\"1777\" class=\"elementor elementor-1777\">\n\t\t\t\t<div class=\"elementor-element elementor-element-0bfbfa4 e-con-full e-flex e-con e-parent\" data-id=\"0bfbfa4\" data-element_type=\"container\" data-e-type=\"container\">\n\t\t\t\t<div class=\"elementor-element elementor-element-8f8bdf5 elementor-widget__width-inherit elementor-widget elementor-widget-heading\" data-id=\"8f8bdf5\" data-element_type=\"widget\" data-e-type=\"widget\" data-widget_type=\"heading.default\">\n\t\t\t\t\t<h2 class=\"elementor-heading-title elementor-size-default\">STADT, JUGEND, ZUKUNFT  - Dein Jugendring in Magdeburg<\/h2>\t\t\t\t<\/div>\n\t\t\t\t<\/div>\n\t\t<div class=\"elementor-element elementor-element-025af12 e-con-full e-flex e-con e-parent\" data-id=\"025af12\" data-element_type=\"container\" data-e-type=\"container\">\n\t\t\t\t<div class=\"elementor-element elementor-element-9bda8ec elementor-widget__width-inherit elementor-widget elementor-widget-text-editor\" data-id=\"9bda8ec\" data-element_type=\"widget\" data-e-type=\"widget\" data-widget_type=\"text-editor.default\">\n\t\t\t\t\t\t\t\t\t<p style=\"text-align: center;\">Wir setzen uns f\u00fcr die Interessen und Belange junger Menschen in der Stadt Magdeburg ein. Mit unseren aktuell 27 Mitgliedsvereinen stehen wir f\u00fcr die Vielfalt der Jugendarbeit und Verbandskultur in unserer Stadt und vereinen unterschiedlichste Perspektiven und Werte. Hier auf der Website kannst du dich \u00fcber unseren <a href=\"https:\/\/www.sjr-magdeburg.de\/index.php\/verein\/\" data-type=\"page\" data-id=\"56\">Verein<\/a> und unsere Arbeit, spannende Veranstaltungen, Projekte und <a href=\"https:\/\/www.sjr-magdeburg.de\/index.php\/aktuelle-beitraege\/\" data-type=\"page\" data-id=\"1772\">vieles mehr informieren<\/a>. Bei Fragen und R\u00fcckmeldungen sind wir gern f\u00fcr dich da. <a href=\"https:\/\/www.sjr-magdeburg.de\/index.php\/kontakt\/\" data-type=\"link\" data-id=\"https:\/\/www.sjr-magdeburg.de\/index.php\/kontakt\/\">Hier<\/a> findest du Kontaktm\u00f6glichkeiten.<\/p>\n<p><!-- \/wp:paragraph --><!-- wp:paragraph --><\/p>\t\t\t\t\t\t\t\t<\/div>\n\t\t\t\t<\/div>\n\t\t<div class=\"elementor-element elementor-element-45c5b927 e-flex e-con-boxed e-con e-parent\" data-id=\"45c5b927\" data-element_type=\"container\" data-e-type=\"container\">\n\t\t\t\t\t<div class=\"e-con-inner\">\n\t\t\t\t<div class=\"elementor-element elementor-element-a1b6814 elementor-widget__width-inherit elementor-widget elementor-widget-image\" data-id=\"a1b6814\" data-element_type=\"widget\" data-e-type=\"widget\" data-widget_type=\"image.default\">\n\t\t\t\t\t\t\t\t\t\t\t\t\t\t\t<img fetchpriority=\"high\" decoding=\"async\" width=\"584\" height=\"584\" src=\"https:\/\/www.sjr-magdeburg.de\/wp-content\/uploads\/2025\/01\/Design-ohne-Titel4-1024x1024.png\" class=\"attachment-large size-large wp-image-1782\" alt=\"\" srcset=\"https:\/\/www.sjr-magdeburg.de\/wp-content\/uploads\/2025\/01\/Design-ohne-Titel4-1024x1024.png 1024w, https:\/\/www.sjr-magdeburg.de\/wp-content\/uploads\/2025\/01\/Design-ohne-Titel4-300x300.png 300w, https:\/\/www.sjr-magdeburg.de\/wp-content\/uploads\/2025\/01\/Design-ohne-Titel4-150x150.png 150w, https:\/\/www.sjr-magdeburg.de\/wp-content\/uploads\/2025\/01\/Design-ohne-Titel4-768x768.png 768w, https:\/\/www.sjr-magdeburg.de\/wp-content\/uploads\/2025\/01\/Design-ohne-Titel4.png 1080w\" sizes=\"(max-width: 584px) 100vw, 584px\" \/>\t\t\t\t\t\t\t\t\t\t\t\t\t\t\t<\/div>\n\t\t\t\t\t<\/div>\n\t\t\t\t<\/div>\n\t\t<div class=\"elementor-element elementor-element-2e9f833 e-grid e-con-boxed e-con e-parent\" data-id=\"2e9f833\" data-element_type=\"container\" data-e-type=\"container\">\n\t\t\t\t\t<div class=\"e-con-inner\">\n\t\t\t\t<div class=\"elementor-element elementor-element-f9db7d5 elementor-widget elementor-widget-image\" data-id=\"f9db7d5\" data-element_type=\"widget\" data-e-type=\"widget\" data-widget_type=\"image.default\">\n\t\t\t\t\t\t\t\t\t\t\t\t\t\t\t<img decoding=\"async\" width=\"584\" height=\"730\" src=\"https:\/\/www.sjr-magdeburg.de\/wp-content\/uploads\/2025\/07\/1-768x960.png\" class=\"attachment-medium_large size-medium_large wp-image-1828\" alt=\"\" srcset=\"https:\/\/www.sjr-magdeburg.de\/wp-content\/uploads\/2025\/07\/1-768x960.png 768w, https:\/\/www.sjr-magdeburg.de\/wp-content\/uploads\/2025\/07\/1-240x300.png 240w, https:\/\/www.sjr-magdeburg.de\/wp-content\/uploads\/2025\/07\/1-819x1024.png 819w, https:\/\/www.sjr-magdeburg.de\/wp-content\/uploads\/2025\/07\/1.png 1080w\" sizes=\"(max-width: 584px) 100vw, 584px\" \/>\t\t\t\t\t\t\t\t\t\t\t\t\t\t\t<\/div>\n\t\t\t\t<div class=\"elementor-element elementor-element-95f6e85 elementor-widget elementor-widget-text-editor\" data-id=\"95f6e85\" data-element_type=\"widget\" data-e-type=\"widget\" data-widget_type=\"text-editor.default\">\n\t\t\t\t\t\t\t\t\t<h4><strong>#wirsinddemokratie &#8211; Eine Kampagne des StadtJugendRing Magdeburg e.V.\u00a0<\/strong><\/h4>\n<p>Als Verein f\u00fcr die Interessenvertretung von Kindern und Jugendlichen, Tr\u00e4gern der Kinder- und Jugendhilfe Magdeburg sowie Jugendgruppen und -initiativen stehen wir f\u00fcr eine demokratische, solidarische und offene Stadtgesellschaft ein. Lest <a href=\"https:\/\/www.sjr-magdeburg.de\/index.php\/ag-haltung-zeigen\/\">hier<\/a> mehr zu unserer Kampagne und wie ihr uns unterst\u00fctzen k\u00f6nnt.<\/p>\t\t\t\t\t\t\t\t<\/div>\n\t\t\t\t\t<\/div>\n\t\t\t\t<\/div>\n\t\t<div class=\"elementor-element elementor-element-43dc8cd e-flex e-con-boxed e-con e-parent\" data-id=\"43dc8cd\" data-element_type=\"container\" data-e-type=\"container\">\n\t\t\t\t\t<div class=\"e-con-inner\">\n\t\t\t\t\t<\/div>\n\t\t\t\t<\/div>\n\t\t<div class=\"elementor-element elementor-element-da5b46a e-con-full e-flex e-con e-parent\" data-id=\"da5b46a\" data-element_type=\"container\" data-e-type=\"container\">\n\t\t\t\t<div class=\"elementor-element elementor-element-1b0a972 elementor-widget elementor-widget-heading\" data-id=\"1b0a972\" data-element_type=\"widget\" data-e-type=\"widget\" data-widget_type=\"heading.default\">\n\t\t\t\t\t<h2 class=\"elementor-heading-title elementor-size-default\">gef\u00f6rdert mit Mitteln der<\/h2>\t\t\t\t<\/div>\n\t\t\t\t<div class=\"elementor-element elementor-element-cdfff4a elementor-widget elementor-widget-image\" data-id=\"cdfff4a\" data-element_type=\"widget\" data-e-type=\"widget\" data-widget_type=\"image.default\">\n\t\t\t\t\t\t\t\t\t\t\t\t\t\t\t<img decoding=\"async\" width=\"584\" height=\"210\" src=\"https:\/\/www.sjr-magdeburg.de\/wp-content\/uploads\/2025\/07\/LHM_Logo_4c_OCV2_S_mitSchutzzone-50mmBreite.jpg\" class=\"attachment-large size-large wp-image-1857\" alt=\"\" srcset=\"https:\/\/www.sjr-magdeburg.de\/wp-content\/uploads\/2025\/07\/LHM_Logo_4c_OCV2_S_mitSchutzzone-50mmBreite.jpg 701w, https:\/\/www.sjr-magdeburg.de\/wp-content\/uploads\/2025\/07\/LHM_Logo_4c_OCV2_S_mitSchutzzone-50mmBreite-300x108.jpg 300w, https:\/\/www.sjr-magdeburg.de\/wp-content\/uploads\/2025\/07\/LHM_Logo_4c_OCV2_S_mitSchutzzone-50mmBreite-500x180.jpg 500w\" sizes=\"(max-width: 584px) 100vw, 584px\" \/>\t\t\t\t\t\t\t\t\t\t\t\t\t\t\t<\/div>\n\t\t\t\t<\/div>\n\t\t<div class=\"elementor-element elementor-element-c0ea65a e-flex e-con-boxed e-con e-parent\" data-id=\"c0ea65a\" data-element_type=\"container\" data-e-type=\"container\">\n\t\t\t\t\t<div class=\"e-con-inner\">\n\t\t\t\t<div class=\"elementor-element elementor-element-8a8a89d elementor-widget-divider--view-line elementor-widget elementor-widget-divider\" data-id=\"8a8a89d\" data-element_type=\"widget\" data-e-type=\"widget\" data-widget_type=\"divider.default\">\n\t\t\t\t\t\t\t<div class=\"elementor-divider\">\n\t\t\t<span class=\"elementor-divider-separator\">\n\t\t\t\t\t\t<\/span>\n\t\t<\/div>\n\t\t\t\t\t\t<\/div>\n\t\t\t\t<div class=\"elementor-element elementor-element-b36e03c elementor-widget__width-inherit elementor-shape-rounded elementor-grid-0 e-grid-align-center elementor-widget elementor-widget-social-icons\" data-id=\"b36e03c\" data-element_type=\"widget\" data-e-type=\"widget\" data-widget_type=\"social-icons.default\">\n\t\t\t\t\t\t\t<div class=\"elementor-social-icons-wrapper elementor-grid\" role=\"list\">\n\t\t\t\t\t\t\t<span class=\"elementor-grid-item\" role=\"listitem\">\n\t\t\t\t\t<a class=\"elementor-icon elementor-social-icon elementor-social-icon-instagram elementor-repeater-item-23b5236\" href=\"https:\/\/www.instagram.com\/stadtjugendring_magdeburg\/\" target=\"_blank\">\n\t\t\t\t\t\t<span class=\"elementor-screen-only\">Instagram<\/span>\n\t\t\t\t\t\t<svg aria-hidden=\"true\" class=\"e-font-icon-svg e-fab-instagram\" viewBox=\"0 0 448 512\" xmlns=\"http:\/\/www.w3.org\/2000\/svg\"><path d=\"M224.1 141c-63.6 0-114.9 51.3-114.9 114.9s51.3 114.9 114.9 114.9S339 319.5 339 255.9 287.7 141 224.1 141zm0 189.6c-41.1 0-74.7-33.5-74.7-74.7s33.5-74.7 74.7-74.7 74.7 33.5 74.7 74.7-33.6 74.7-74.7 74.7zm146.4-194.3c0 14.9-12 26.8-26.8 26.8-14.9 0-26.8-12-26.8-26.8s12-26.8 26.8-26.8 26.8 12 26.8 26.8zm76.1 27.2c-1.7-35.9-9.9-67.7-36.2-93.9-26.2-26.2-58-34.4-93.9-36.2-37-2.1-147.9-2.1-184.9 0-35.8 1.7-67.6 9.9-93.9 36.1s-34.4 58-36.2 93.9c-2.1 37-2.1 147.9 0 184.9 1.7 35.9 9.9 67.7 36.2 93.9s58 34.4 93.9 36.2c37 2.1 147.9 2.1 184.9 0 35.9-1.7 67.7-9.9 93.9-36.2 26.2-26.2 34.4-58 36.2-93.9 2.1-37 2.1-147.8 0-184.8zM398.8 388c-7.8 19.6-22.9 34.7-42.6 42.6-29.5 11.7-99.5 9-132.1 9s-102.7 2.6-132.1-9c-19.6-7.8-34.7-22.9-42.6-42.6-11.7-29.5-9-99.5-9-132.1s-2.6-102.7 9-132.1c7.8-19.6 22.9-34.7 42.6-42.6 29.5-11.7 99.5-9 132.1-9s102.7-2.6 132.1 9c19.6 7.8 34.7 22.9 42.6 42.6 11.7 29.5 9 99.5 9 132.1s2.7 102.7-9 132.1z\"><\/path><\/svg>\t\t\t\t\t<\/a>\n\t\t\t\t<\/span>\n\t\t\t\t\t\t\t<span class=\"elementor-grid-item\" role=\"listitem\">\n\t\t\t\t\t<a class=\"elementor-icon elementor-social-icon elementor-social-icon-facebook elementor-repeater-item-b77929c\" href=\"https:\/\/www.facebook.com\/sjrmagdeburg?locale=de_DE\" target=\"_blank\">\n\t\t\t\t\t\t<span class=\"elementor-screen-only\">Facebook<\/span>\n\t\t\t\t\t\t<svg aria-hidden=\"true\" class=\"e-font-icon-svg e-fab-facebook\" viewBox=\"0 0 512 512\" xmlns=\"http:\/\/www.w3.org\/2000\/svg\"><path d=\"M504 256C504 119 393 8 256 8S8 119 8 256c0 123.78 90.69 226.38 209.25 245V327.69h-63V256h63v-54.64c0-62.15 37-96.48 93.67-96.48 27.14 0 55.52 4.84 55.52 4.84v61h-31.28c-30.8 0-40.41 19.12-40.41 38.73V256h68.78l-11 71.69h-57.78V501C413.31 482.38 504 379.78 504 256z\"><\/path><\/svg>\t\t\t\t\t<\/a>\n\t\t\t\t<\/span>\n\t\t\t\t\t\t\t<span class=\"elementor-grid-item\" role=\"listitem\">\n\t\t\t\t\t<a class=\"elementor-icon elementor-social-icon elementor-social-icon-link elementor-repeater-item-506aa41\" href=\"https:\/\/linktr.ee\/stadtjugendringmagdeburg\" target=\"_blank\">\n\t\t\t\t\t\t<span class=\"elementor-screen-only\">Link<\/span>\n\t\t\t\t\t\t<svg aria-hidden=\"true\" class=\"e-font-icon-svg e-fas-link\" viewBox=\"0 0 512 512\" xmlns=\"http:\/\/www.w3.org\/2000\/svg\"><path d=\"M326.612 185.391c59.747 59.809 58.927 155.698.36 214.59-.11.12-.24.25-.36.37l-67.2 67.2c-59.27 59.27-155.699 59.262-214.96 0-59.27-59.26-59.27-155.7 0-214.96l37.106-37.106c9.84-9.84 26.786-3.3 27.294 10.606.648 17.722 3.826 35.527 9.69 52.721 1.986 5.822.567 12.262-3.783 16.612l-13.087 13.087c-28.026 28.026-28.905 73.66-1.155 101.96 28.024 28.579 74.086 28.749 102.325.51l67.2-67.19c28.191-28.191 28.073-73.757 0-101.83-3.701-3.694-7.429-6.564-10.341-8.569a16.037 16.037 0 0 1-6.947-12.606c-.396-10.567 3.348-21.456 11.698-29.806l21.054-21.055c5.521-5.521 14.182-6.199 20.584-1.731a152.482 152.482 0 0 1 20.522 17.197zM467.547 44.449c-59.261-59.262-155.69-59.27-214.96 0l-67.2 67.2c-.12.12-.25.25-.36.37-58.566 58.892-59.387 154.781.36 214.59a152.454 152.454 0 0 0 20.521 17.196c6.402 4.468 15.064 3.789 20.584-1.731l21.054-21.055c8.35-8.35 12.094-19.239 11.698-29.806a16.037 16.037 0 0 0-6.947-12.606c-2.912-2.005-6.64-4.875-10.341-8.569-28.073-28.073-28.191-73.639 0-101.83l67.2-67.19c28.239-28.239 74.3-28.069 102.325.51 27.75 28.3 26.872 73.934-1.155 101.96l-13.087 13.087c-4.35 4.35-5.769 10.79-3.783 16.612 5.864 17.194 9.042 34.999 9.69 52.721.509 13.906 17.454 20.446 27.294 10.606l37.106-37.106c59.271-59.259 59.271-155.699.001-214.959z\"><\/path><\/svg>\t\t\t\t\t<\/a>\n\t\t\t\t<\/span>\n\t\t\t\t\t<\/div>\n\t\t\t\t\t\t<\/div>\n\t\t\t\t<div class=\"elementor-element elementor-element-5fdc68f elementor-widget__width-inherit elementor-widget elementor-widget-text-editor\" data-id=\"5fdc68f\" data-element_type=\"widget\" data-e-type=\"widget\" data-widget_type=\"text-editor.default\">\n\t\t\t\t\t\t\t\t\t<p>Wir sind auch bei Instagram, Facebook und Linktree!<\/p>\t\t\t\t\t\t\t\t<\/div>\n\t\t\t\t\t<\/div>\n\t\t\t\t<\/div>\n\t\t\t\t<\/div>\n\t\t","protected":false},"excerpt":{"rendered":"<p>STADT, JUGEND, ZUKUNFT &#8211; Dein Jugendring in Magdeburg Wir setzen uns f\u00fcr die Interessen und Belange junger Menschen in der Stadt Magdeburg ein. Mit unseren aktuell 27 Mitgliedsvereinen stehen wir f\u00fcr die Vielfalt der Jugendarbeit und Verbandskultur in unserer Stadt &hellip; <a href=\"https:\/\/www.sjr-magdeburg.de\/\">Weiterlesen <span class=\"meta-nav\">&rarr;<\/span><\/a><\/p>\n","protected":false},"author":1,"featured_media":0,"parent":0,"menu_order":0,"comment_status":"closed","ping_status":"closed","template":"","meta":{"footnotes":""},"class_list":["post-1777","page","type-page","status-publish","hentry"],"_links":{"self":[{"href":"https:\/\/www.sjr-magdeburg.de\/index.php\/wp-json\/wp\/v2\/pages\/1777","targetHints":{"allow":["GET"]}}],"collection":[{"href":"https:\/\/www.sjr-magdeburg.de\/index.php\/wp-json\/wp\/v2\/pages"}],"about":[{"href":"https:\/\/www.sjr-magdeburg.de\/index.php\/wp-json\/wp\/v2\/types\/page"}],"author":[{"embeddable":true,"href":"https:\/\/www.sjr-magdeburg.de\/index.php\/wp-json\/wp\/v2\/users\/1"}],"replies":[{"embeddable":true,"href":"https:\/\/www.sjr-magdeburg.de\/index.php\/wp-json\/wp\/v2\/comments?post=1777"}],"version-history":[{"count":141,"href":"https:\/\/www.sjr-magdeburg.de\/index.php\/wp-json\/wp\/v2\/pages\/1777\/revisions"}],"predecessor-version":[{"id":2380,"href":"https:\/\/www.sjr-magdeburg.de\/index.php\/wp-json\/wp\/v2\/pages\/1777\/revisions\/2380"}],"wp:attachment":[{"href":"https:\/\/www.sjr-magdeburg.de\/index.php\/wp-json\/wp\/v2\/media?parent=1777"}],"curies":[{"name":"wp","href":"https:\/\/api.w.org\/{rel}","templated":true}]}}