{"id":1318,"date":"2023-12-05T14:33:00","date_gmt":"2023-12-05T13:33:00","guid":{"rendered":"https:\/\/www.sjr-magdeburg.de\/?page_id=1318"},"modified":"2023-12-06T18:34:31","modified_gmt":"2023-12-06T17:34:31","slug":"informationen-zur-unterstuetzung-von-gefluechteten","status":"publish","type":"page","link":"https:\/\/www.sjr-magdeburg.de\/index.php\/informationen-zur-unterstuetzung-von-gefluechteten\/","title":{"rendered":"Informationen zur Unterst\u00fctzung von Gefl\u00fcchteten"},"content":{"rendered":"\n<p><strong>F\u00f6rdermittel f\u00fcr Unterst\u00fctzung ukrainischer Gefl\u00fcchteter<\/strong><\/p>\n\n\n\n<p>Verschiedenste Stiftungen, Ministerien etc. bieten unterschiedliche F\u00f6rderm\u00f6glichkeiten an, um ukrainische Fl\u00fcchtlinge zu unterst\u00fctzen: <a href=\"https:\/\/blog-foerdermittel.de\/2022\/03\/aktuelle-foerdermittel-fuer-die-ukraine-hilfe\/\" target=\"_blank\" rel=\"noreferrer noopener\">Aktuelle F\u00f6rdermittel f\u00fcr die Ukraine-Hilfe<\/a><\/p>\n\n\n\n<p><strong>Vernetzungsangebot Hausarztpraxis Dr. Riegel<\/strong><\/p>\n\n\n\n<p>Dr. Holm Riegel&nbsp;leitet seit 22 Jahren eine allgemeinmedizinische Praxis in der L\u00fcbecker Stra\u00dfe 32 in Magdeburg.<\/p>\n\n\n\n<p>In den letzten Jahren hat sich die Anzahl der Menschen mit Migrationshintergrund, die dort behandelt werden, st\u00e4ndig erh\u00f6ht. Da die anfallende Arbeit f\u00fcr das urspr\u00fcngliche Team nicht mehr zu bew\u00e4ltigen war, hat er die Praxis personell und r\u00e4umlich vergr\u00f6\u00dfert und bei der KV die Anstellung einer \u00c4rztin f\u00fcr die Behandlung von Menschen mit Migrationshintergrund erfolgreich beantragt. Zusammen mit anderen Angestellten der Praxis hat er ein interkulturelles Team aufgebaut.<\/p>\n\n\n\n<p>Er hat angeboten, dass er als Partner zur Verf\u00fcgung steht, sei es bei der allgemeinmedizinischen von Patient*innen oder anderen Problemen.<\/p>\n\n\n\n<h2 class=\"wp-block-heading\">+LINKS+<\/h2>\n\n\n\n<p><a href=\"https:\/\/www.magdeburg.de\/Start\/B%C3%BCrger-Stadt\/Leben-in-Magdeburg\/Integration-Migration\/\" target=\"_blank\" rel=\"noreferrer noopener\"><strong>Informationen f\u00fcr Gefl\u00fcchtete in Magdeburg<\/strong><\/a><\/p>\n\n\n\n<p><strong><a href=\"https:\/\/willkommen-in-magdeburg.de\/\" target=\"_blank\" rel=\"noreferrer noopener\">Migrationswegweiser<\/a> <\/strong>mit aktuellen Meldungen, Veranstaltungstipps, Infobl\u00e4ttern zu verschiedenen Bereichen wie Ankommen, Wohnen, Arbeiten uvm.- mehrsprachig<\/p>\n\n\n\n<p><strong>spezifische Informationen<\/strong><\/p>\n\n\n\n<ul class=\"wp-block-list\">\n<li><strong><a href=\"https:\/\/www.freiwilligenagentur-magdeburg.de\/hilfe-und-unterstuetzung-fuer-die-ukraine\/\" target=\"_blank\" rel=\"noreferrer noopener\">Hilfe und Unterst\u00fctzung f\u00fcr die Ukraine<\/a><\/strong> mit Informationen \u00fcber erste Schritte (hier auch <a href=\"https:\/\/www.freiwilligenagentur-magdeburg.de\/wp-content\/uploads\/2022\/03\/Erste-Schritte-in-Magdeburg-UKRAINISCH.pdf\" target=\"_blank\" rel=\"noreferrer noopener\">ukrainisch<\/a>), Spendenaktionen, Hilfsangebote, weiterf\u00fchrende Beratungen und andere Vorhaben<\/li>\n\n\n\n<li><strong><a href=\"https:\/\/lms.e-school.net.ua\/?fbclid=IwAR2HroY9Tq7PMFzCS8R2xkscZyOWDUYdhFkF3EIibhR-55QrvMQUK8tgkXU\" target=\"_blank\" rel=\"noreferrer noopener\">Online-Bildungsangebot<\/a><\/strong> f\u00fcr Jahrgang 5-11 f\u00fcr unkrainische Kinder und Jugendliche<\/li>\n\n\n\n<li><strong><a href=\"http:\/\/www.bamf.de\/SharedDocs\/Anlagen\/DE\/Publikationen\/Broschueren\/willkommen-in-deutschland.html;jsessionid=9FB27E5834DDF967C75374BFBA45AC12.1_cid286?nn=1366152\" target=\"_blank\" rel=\"noreferrer noopener\">Brosch\u00fcre &#8222;Willkommen in Deutschland&#8220; des BAMF<\/a>&#8211;<\/strong> mehrsprachig<\/li>\n\n\n\n<li><strong><a href=\"http:\/\/www.einfachmeinrecht.awo.org\" target=\"_blank\" rel=\"noreferrer noopener\">Informationen zu Rechtsfragen<\/a><\/strong><\/li>\n\n\n\n<li><strong><a href=\"https:\/\/www.lamsa.de\/materialien-downloads\/interkulturelle-bildung-und-beratung\/\" target=\"_blank\" rel=\"noreferrer noopener\">Materialien und Downloads f\u00fcr den Fachbereich Interkulturelle Bildung &amp; Beratung<\/a><\/strong><\/li>\n\n\n\n<li><strong><a href=\"https:\/\/agsa.de\/1142-ueberarbeiteter-leitfaden-zu-arbeit-ausbildung-und-studium-fokus-unionsbuerger-innen.html\" target=\"_blank\" rel=\"noreferrer noopener\">Leitfaden zu Arbeit, Ausbildung und Studium &#8211; Fokus Unionsb\u00fcrger*innen<\/a><\/strong><\/li>\n<\/ul>\n\n\n\n<p><strong>F\u00fcr Arbeit mit Kindern und Jugendlichen<\/strong><\/p>\n\n\n\n<ul class=\"wp-block-list\">\n<li><strong><a href=\"https:\/\/www.servicestelle-jugendschutz.de\/2022\/02\/mit-kindern-und-jugendlichen-ueber-krieg-reden\/\" target=\"_blank\" rel=\"noreferrer noopener\">Mit Kindern und Jugendlichen \u00fcber Krieg reden?<\/a><\/strong>&#8211; mehrsprachig<\/li>\n\n\n\n<li><strong><a href=\"https:\/\/jiz-magdeburg.de\/wp-content\/uploads\/2015\/09\/DBJR-AH-jugendverbandsarbeit_mit_jungen_gefluechteten-web.pdf\" target=\"_blank\" rel=\"noreferrer noopener\">Handreichung zu Arbeit mit Gefl\u00fcchteten in der Jugendverbandsarbeit<\/a><\/strong><\/li>\n\n\n\n<li><a href=\"http:\/\/www.willkommensABC.de\" target=\"_blank\" rel=\"noreferrer noopener\"><strong>Bildw\u00f6rterbuch f\u00fcr Fl\u00fcchtlingskinder: Das WilkommensABC<\/strong><\/a><\/li>\n\n\n\n<li><strong><a href=\"http:\/\/www.carlsen.de\/mit-pixi-fuer-fluechtlinge\" target=\"_blank\" rel=\"noreferrer noopener\">Pixi- Geschichte<\/a> <\/strong>in arabisch, kurdisch, serbisch und persisch&nbsp;<\/li>\n<\/ul>\n\n\n\n<h2 class=\"wp-block-heading\">+Projekte\/ Vereine+<\/h2>\n\n\n\n<ul class=\"wp-block-list\">\n<li><a href=\"https:\/\/www.fluechtlingsrat-lsa.de\/\" target=\"_blank\" rel=\"noreferrer noopener\"><strong>Fl\u00fcchtlingsrat<\/strong> <strong>Sachsen- Anhalt<\/strong><\/a>&#8211; Unterst\u00fctzung, Beschwerden, Antragshilfen etc.<\/li>\n\n\n\n<li><a href=\"http:\/\/wirsindpaten.de\" target=\"_blank\" rel=\"noreferrer noopener\"><strong>wirsindpaten.de<\/strong><\/a>&#8211; auch mit B\u00fcro in Magdeburg vertreten<\/li>\n\n\n\n<li><a href=\"http:\/\/freiwilligenagentur-magdeburg.de\/0cms\/freiwilligenagentur\/projekte-der-frewilligenagentur\/das-engagement-von-und-mit-fluechtlingen-staerken\/\" target=\"_blank\" rel=\"noreferrer noopener\"><strong>Neuland<\/strong><\/a>&#8211; Das Engagement von und mit Gefl\u00fcchteten und Menschen mit Migrationshintergrund st\u00e4rken<\/li>\n\n\n\n<li><a href=\"http:\/\/www.toll-ev.de\/\" target=\"_blank\" rel=\"noreferrer noopener\"><strong>TOLL e.V.<\/strong><\/a>&#8211; verschiedene Angebote z.B. Gespr\u00e4chsrunden, gemeinsame Freizeiten und Aktionen und Vermittlungshilfen<\/li>\n\n\n\n<li>mehr Vereine siehe auch Liste Mitgliedsorganisation der <a href=\"https:\/\/agsa.de\/mitgliedsorganisationen.html\" target=\"_blank\" rel=\"noreferrer noopener\">AGSA<\/a><\/li>\n<\/ul>\n\n\n\n<h2 class=\"wp-block-heading\">+regelm\u00e4\u00dfige Veranstaltungen+<\/h2>\n\n\n\n<p><strong><br><\/strong><strong>montags 15-18 Uhr &#8211; Begegnungscaf\u00e9 beim Blickwechsel e.V.<br><\/strong>Neben dem Begegnungscaf\u00e9 organisiert der Blickwechsel e.V. viele weitere Jugend- und Stadtteilangebote in Neu-Olvenstedt.&nbsp;<a href=\"https:\/\/blickwechsel-magdeburg.de\/neuer-wochenplan-2\/\" target=\"_blank\" rel=\"noreferrer noopener\">Weiterlesen&#8230;<\/a><strong><br><br>jeden zweiten Montag im Monat, 13-15 Uhr &#8211; Jugendmigrationsdienst des Internationalen Bunds ber\u00e4t in der Jugendberufsagentur Magdeburg<br><\/strong>Junge Menschen zwischen 12 und 27 Jahren werden zu vielf\u00e4ltigen Themen rund um Schule, Spracherwerb, berufliche Orientierung oder Kinderbetreuung beraten. Sollten sich Gruppen f\u00fcr eine Beratung interessieren oder eine konkrete Berufsberatung gew\u00fcnscht sein, wird um vorherige Anmeldung gebeten. Regelm\u00e4\u00dfige Beratungen gibt es au\u00dferdem vom Suchtberatungszentrum DROBS, den Kammern und dem Ausbildungsverbund der Wirtschaftsregion Braunschweig\/ Magdeburg (ABV).&nbsp;<a href=\"https:\/\/www.jobcenter-ge.de\/Jobcenter\/Magdeburg-JBA\/SiteGlobals\/Modules\/Kalender\/DE\/Allgemein\/Termine.html?nn=378786\" target=\"_blank\" rel=\"noreferrer noopener\">Weiterlesen&#8230;<\/a><strong><br><br>dienstags 9-11 Uhr &#8211; Internationales M\u00fctterfr\u00fchst\u00fcck (Familienhaus im Park)<\/strong><strong><br><\/strong>W\u00f6chentlich treffen sich Frauen, um gemeinsam \u00fcber Themen der Familie zu sprechen und von Fachkr\u00e4ften entsprechende Informationen und Hinweise zu erhalten. Im Anschluss gibt es zudem die M\u00f6glichkeit zur Beratung in Erziehungsfragen in Einzelgespr\u00e4chen.&nbsp;<a href=\"https:\/\/www.magdeburg.de\/B%C3%BCrger-Stadt\/System\/index.php?La=1&amp;object=tx,3207.93.1&amp;kuo=2&amp;sub=0\" target=\"_blank\" rel=\"noreferrer noopener\">Weiterlesen&#8230;<\/a><a href=\"https:\/\/www.lerneninterkulturell.de\/kita\" target=\"_blank\" rel=\"noreferrer noopener\"><br><\/a><strong><br>jeden zweiten Dienstag im Monat, 13-16 Uhr &#8211; Kostenfreies Beratungsangebot f\u00fcr Migrant*innen zum Thema Existenzgr\u00fcndung<br><\/strong>Die Industrie- und Handelskammer (IHK) und die Handwerkskammer (HWK) Magdeburg bieten gemeinsam mit dem Projekt EMI der ePlan consult GmbH spezielle Sprechtage f\u00fcr gr\u00fcndungswillige Migrant*innen an. Bei Bedarf ist eine Gespr\u00e4chsbegleitung in verschiedenen Sprachen m\u00f6glich. Es wird um Voranmeldung gebeten.&nbsp;<a href=\"https:\/\/www.hwk-magdeburg.de\/artikel\/existenzgruendungsberatung-16,1171,224.html\" target=\"_blank\" rel=\"noreferrer noopener\">Weiterlesen&#8230;<\/a><strong><br><br>mittwochs 13-14 Uhr &#8211; Online-Sprechstunde f\u00fcr Erzieher*innen und p\u00e4dagogische Fachkr\u00e4fte<br><\/strong>Die Servicestelle &#8222;Interkulturelles Lernen in der Kita&#8220; gibt individuelle Anregungen und Verweiswissen bez\u00fcglich Zusammenarbeit mit Familien mit Migrationsgeschichte, Mehrsprachigkeit und Sprachf\u00f6rderung im Kitaalltag.&nbsp;<a href=\"https:\/\/lerneninterkulturell.de\/woechentliche-online-sprechstunde\/\" target=\"_blank\" rel=\"noreferrer noopener\">Weiterlesen&#8230;<\/a><strong><br><br>jeden zweiten Mittwoch im Monat, 16-17 Uhr &#8211; Online-Sprechstunde f\u00fcr Lehrkr\u00e4fte, Schulleitungen und Schulsozialarbeiter*innen<\/strong><strong><br><\/strong>Die Servicestelle &#8222;Interkulturelles Lernen in Schulen in Sachsen-Anhalt&#8220; gibt Hinweise zu geeigneten Methoden und Materialien, um P\u00e4dagog*innen bei der Umsetzung des Unterrichts f\u00fcr mehrsprachig aufwachsende Sch\u00fcler*innen mit der Zielsprache Deutsch zu unterst\u00fctzen.&nbsp;<a href=\"https:\/\/lerneninterkulturell.de\/monatliche-online-sprechstunde\/\" target=\"_blank\" rel=\"noreferrer noopener\">Weiterlesen&#8230;<\/a><a href=\"https:\/\/www.lerneninterkulturell.de\/schule\" target=\"_blank\" rel=\"noreferrer noopener\"><br><\/a><strong><br><\/strong><strong>mittwochs 17- 20 Uhr &#8211; Sprachcaf\u00e9 des Malteser St\u00fcbchen S\u00fcd<\/strong><br>Jeden Mittwoch findet in der Willi-Bredel-Stra\u00dfe 18 das Sprachcaf\u00e9 des Malteser St\u00fcbchens S\u00fcd statt. Menschen, die gerade Deutsch lernen, k\u00f6nnen sich mit Mutterprachler*innen unterhalten und neue Leute kennenlernen. Anmeldungen sind unter&nbsp;<a href=\"&#x6d;&#x61;&#x69;&#x6c;&#x74;&#x6f;&#x3a;&#x6a;&#x61;&#x6d;&#x69;&#x6e;&#x61;&#x2e;&#x6c;&#x61;&#x75;&#x77;&#x69;&#x67;&#x69;&#x40;&#109;&#97;&#108;&#116;&#101;&#115;&#101;&#114;.org\" target=\"_blank\" rel=\"noreferrer noopener\">&#106;a&#x6d;i&#x6e;a&#x2e;&#108;&#x61;&#117;w&#x69;g&#x69;&#64;&#x6d;a&#x6c;&#116;&#x65;&#115;e&#x72;.&#x6f;r&#x67;<\/a>&nbsp;oder der Telefonnummer 0391 99045074 m\u00f6glich.<strong><br><br><\/strong><strong>jeden zweiten Donnerstag 17:30-19 Uhr &#8211; Begegnungscaf\u00e9<\/strong><strong><br><\/strong>Mit dem Begegnungscaf\u00e9 will der Verein platz*machen einen Rahmen schaffen, um den Dialog auf Augenh\u00f6he zwischen Neu\u2013 und Altmagdeburger*innen zu st\u00e4rken.&nbsp;<a href=\"https:\/\/platzmachen.org\/events\" target=\"_blank\" rel=\"noreferrer noopener\">Weiterlesen&#8230;<\/a><a target=\"_blank\" rel=\"noreferrer noopener\"><\/a><\/p>\n\n\n\n<h2 class=\"wp-block-heading\">+R\u00e4ume+<\/h2>\n\n\n\n<p><strong>Coworking-Space &#8222;ResonanzRaum&#8220;<\/strong><\/p>\n\n\n\n<p>Das Projekt &#8222;Resonanzboden&#8220; bietet einen Coworking-Space in Magdeburg in der Brandenburger Stra\u00dfe 9 im Raum 2.03 an.<\/p>\n\n\n\n<p>Die Zielgruppen des ResonanzRaums sind Vereine, Gruppen, Initiativen und Einzelakteur*innen, die integrativ t\u00e4tig sind, Freiberufliche, Kreative und Wissensarbeiter*innen, die Impulse in den Bereichen Integration, Soziales und Kultur setzen. Vielfach sind es kleine Gruppen und Initiativen, oftmals privat, f\u00fcr die die Anmietung eines B\u00fcros im klassischen Sinne, wie auch Mietentgelte f\u00fcr einen herk\u00f6mmlichen Coworking-Platz finanziell nicht machbar sind. Ein Arbeitsort mit der typischen Infrastruktur wird von einigen jedoch durchaus ben\u00f6tigt.&nbsp;Dar\u00fcber hinaus fungiert der Coworking-Space als Treffpunkt\/Austauschplatz mit anderen und ist somit auch ein Vernetzungspunkt.<\/p>\n\n\n\n<p>Weitere Informationen und die Nutzungsvereinbarung finden Sie <a href=\"http:\/\/resonanzboden.global\/reso-service\/coworking-space\/\" target=\"_blank\" rel=\"noreferrer noopener\">hier<\/a>.<br>Projekt &#8222;Resonanzboden&#8220;<br>lkj) Landesvereinigung kulturelle Kinder- und Jugendbildung Sachsen-Anhalt e.V. Brandenburger Str. 9<br>39104 Magdeburg<br>Fon: 0391.244 51 77<br>Mail:&nbsp;<a href=\"mailto:\" target=\"_blank\" rel=\"noreferrer noopener\">r&#101;&#x73;&#x6f;n&#97;&#x6e;&#x7a;b&#111;&#x64;&#x65;n&#64;&#x6c;&#x6b;j-&#x73;&#x61;ch&#115;&#x65;&#x6e;-&#97;&#x6e;&#x68;a&#108;&#x74;&#x2e;d&#101;<\/a>&nbsp;<br>Web:&nbsp;<a href=\"http:\/\/www.resonanzboden.global\/\" target=\"_blank\" rel=\"noreferrer noopener\">www.resonanzboden.global<\/a><\/p>\n","protected":false},"excerpt":{"rendered":"<p>F\u00f6rdermittel f\u00fcr Unterst\u00fctzung ukrainischer Gefl\u00fcchteter Verschiedenste Stiftungen, Ministerien etc. bieten unterschiedliche F\u00f6rderm\u00f6glichkeiten an, um ukrainische Fl\u00fcchtlinge zu unterst\u00fctzen: Aktuelle F\u00f6rdermittel f\u00fcr die Ukraine-Hilfe Vernetzungsangebot Hausarztpraxis Dr. Riegel Dr. Holm Riegel&nbsp;leitet seit 22 Jahren eine allgemeinmedizinische Praxis in der L\u00fcbecker Stra\u00dfe &hellip; <a href=\"https:\/\/www.sjr-magdeburg.de\/index.php\/informationen-zur-unterstuetzung-von-gefluechteten\/\">Weiterlesen <span class=\"meta-nav\">&rarr;<\/span><\/a><\/p>\n","protected":false},"author":1,"featured_media":0,"parent":0,"menu_order":0,"comment_status":"closed","ping_status":"closed","template":"","meta":{"footnotes":""},"class_list":["post-1318","page","type-page","status-publish","hentry"],"_links":{"self":[{"href":"https:\/\/www.sjr-magdeburg.de\/index.php\/wp-json\/wp\/v2\/pages\/1318","targetHints":{"allow":["GET"]}}],"collection":[{"href":"https:\/\/www.sjr-magdeburg.de\/index.php\/wp-json\/wp\/v2\/pages"}],"about":[{"href":"https:\/\/www.sjr-magdeburg.de\/index.php\/wp-json\/wp\/v2\/types\/page"}],"author":[{"embeddable":true,"href":"https:\/\/www.sjr-magdeburg.de\/index.php\/wp-json\/wp\/v2\/users\/1"}],"replies":[{"embeddable":true,"href":"https:\/\/www.sjr-magdeburg.de\/index.php\/wp-json\/wp\/v2\/comments?post=1318"}],"version-history":[{"count":1,"href":"https:\/\/www.sjr-magdeburg.de\/index.php\/wp-json\/wp\/v2\/pages\/1318\/revisions"}],"predecessor-version":[{"id":1319,"href":"https:\/\/www.sjr-magdeburg.de\/index.php\/wp-json\/wp\/v2\/pages\/1318\/revisions\/1319"}],"wp:attachment":[{"href":"https:\/\/www.sjr-magdeburg.de\/index.php\/wp-json\/wp\/v2\/media?parent=1318"}],"curies":[{"name":"wp","href":"https:\/\/api.w.org\/{rel}","templated":true}]}}